, 11, 23
What are the prime factors of 64375?
5, 103
List the prime factors of 550.
2, 5, 11
List the prime factors of 7102.
2, 53, 67
List the prime factors of 118.
2, 59
What are the prime factors of 972?
2, 3
List the prime factors of 6084.
2, 3, 13
What are the prime factors of 15176?
2, 7, 271
List the prime factors of 3143.
7, 449
What are the prime factors of 3658?
2, 31, 59
List the prime factors of 3752.
2, 7, 67
What are the prime factors of 1005?
3, 5, 67
What are the prime factors of 54?
2, 3
List the prime factors of 27140.
2, 5, 23, 59
List the prime factors of 1108.
2, 277
List the prime factors of 2006.
2, 17, 59
What are the prime factors of 1106?
2, 7, 79
What are the prime factors of 14015?
5, 2803
What are the prime factors of 32696?
2, 61, 67
What are the prime factors of 390?
2, 3, 5, 13
What are the prime factors of 41215?
5, 8243
What are the prime factors of 227?
227
List the prime factors of 2733.
3, 911
List the prime factors of 304.
2, 19
What are the prime factors of 3161?
29, 109
List the prime factors of 1156.
2, 17
List the prime factors of 13401.
3, 1489
List the prime factors of 23406.
2, 3, 47, 83
What are the prime factors of 1578?
2, 3, 263
What are the prime factors of 153?
3, 17
What are the prime factors of 76768?
2, 2399
List the prime factors of 7323.
3, 2441
What are the prime factors of 47601?
3, 41, 43
List the prime factors of 16516.
2, 4129
List the prime factors of 1022.
2, 7, 73
List the prime factors of 3349.
17, 197
What are the prime factors of 57327?
3, 97, 197
What are the prime factors of 364?
2, 7, 13
List the prime factors of 3382.
2, 19, 89
What are the prime factors of 782?
2, 17, 23
What are the prime factors of 374?
2, 11, 17
List the prime factors of 20017.
37, 541
List the prime factors of 1071.
3, 7, 17
List the prime factors of 1330.
2, 5, 7, 19
List the prime factors of 16068.
2, 3, 13, 103
List the prime factors of 69214.
2, 34607
List the prime factors of 1002.
2, 3, 167
What are the prime factors of 1149?
3, 383
What are the prime factors of 4314?
2, 3, 719
What are the prime factors of 6023?
19, 317
List the prime factors of 2292.
2, 3, 191
List the prime factors of 833.
7, 17
List the prime factors of 1754.
2, 877
What are the prime factors of 1034?
2, 11, 47
List the prime factors of 8465.
5, 1693
What are the prime factors of 970?
2, 5, 97
What are the prime factors of 1551?
3, 11, 47
List the prime factors of 14659.
107, 137
List the prime factors of 4258.
2, 2129
What are the prime factors of 13025?
5, 521
List the prime factors of 1904.
2, 7, 17
What are the prime factors of 582?
2, 3, 97
List the prime factors of 432.
2, 3
List the prime factors of 1275.
3, 5, 17
What are the prime factors of 161605?
5, 32321
List the prime factors of 491.
491
List the prime factors of 80055.
3, 5, 593
What are the prime factors of 18286?
2, 41, 223
List the prime factors of 24623.
24623
List the prime factors of 13483.
97, 139
What are the prime factors of 28403?
28403
List the prime factors of 16587.
3, 19, 97
What are the prime factors of 876?
2, 3, 73
List the prime factors of 55002.
2, 3, 89, 103
What are the prime factors of 5900?
2, 5, 59
What are the prime factors of 2271?
3, 757
What are the prime factors of 21801?
3, 13, 43
List the prime factors of 6615.
3, 5, 7
List the prime factors of 112376.
2, 11, 1277
List the prime factors of 131.
131
What are the prime factors of 225?
3, 5
What are the prime factors of 17182?
2, 11, 71
What are the prime factors of 46822?
2, 41, 571
What are the prime factors of 46?
2, 23
What are the prime factors of 1510?
2, 5, 151
What are the prime factors of 1127?
7, 23
List the prime factors of 1761.
3, 587
List the prime factors of 54923.
11, 4993
What are the prime factors of 38?
2, 19
List the prime factors of 110244.
2, 3, 9187
What are the prime factors of 1028?
2, 257
List the prime factors of 12200.
2, 5, 61
List the prime factors of 1811.
1811
List the prime factors of 712.
2, 89
What are the prime factors of 11541?
3, 3847
What are the prime factors of 1391?
13, 107
List the prime factors of 14642.
2, 7321
What are the prime factors of 12533?
83, 151
What are the prime factors of 8827?
7, 13, 97
What are the prime factors of 117557?
11, 10687
What are the prime factors of 80889?
3, 59, 457
What are the prime factors of 39574?
2, 47, 421
What are the prime factors of 11621?
11621
List the prime factors of 5582.
2, 2791
List the prime factors of 3458.
2, 7, 13, 19
List the prime factors of 7299.
3, 811
List the prime factors of 7629.
3, 2543
List the prime factors of 12761.
7, 1823
What are the prime factors of 10068?
2, 3, 839
List the prime factors of 1980.
2, 3, 5, 11
What are the prime factors of 944?
2, 59
What are the prime factors of 30261?
3, 7, 11, 131
List the prime factors of 5388.
2, 3, 449
List the prime factors of 31085.
5, 6217
What are the prime factors of 599?
599
What are the prime factors of 5284?
2, 1321
What are the prime factors of 475?
5, 19
List the prime factors of 102034.
2, 17, 3001
What are the prime factors of 1211?
7, 173
What are the prime factors of 471?
3, 157
What are the prime factors of 7038?
2, 3, 17, 23
List the prime factors of 5267.
23, 229
List the prime factors of 657.
3, 73
List the prime factors of 11892.
2, 3, 991
List the prime factors of 1712.
2, 107
What are the prime factors of 45349?
101, 449
What are the prime factors of 1036?
2, 7, 37
List the prime factors of 1389.
3, 463
List the prime factors of 128080.
2, 5, 1601
List the prime factors of 33399.
3, 1237
List the prime factors of 6712.
2, 839
List the prime factors of 1008.
2, 3, 7
What are the prime factors of 3053?
43, 71
List the prime factors of 19809.
3, 31, 71
What are the prime factors of 13251?
3, 7, 631
List the prime factors of 120119.
113, 1063
List the prime factors of 2782.
2, 13, 107
List the prime factors of 20193.
3, 53, 127
What are the prime factors of 24689?
7, 3527
What are the prime factors of 55794?
2, 3, 17, 547
List the prime factors of 33853.
97, 349
What are the prime factors of 17238?
2, 3, 13, 17
List the prime factors of 100.
2, 5
List the prime factors of 6529.
6529
List the prime factors of 1531.
1531
What are the prime factors of 11231?
11, 1021
What are the prime factors of 3364?
2, 29
List the prime factors of 3975.
3, 5, 53
List the prime factors of 1087.
1087
List the prime factors of 2560.
2, 5
List the prime factors of 1043.
7, 149
What are the prime factors of 2009?
7, 41
What are the prime factors of 21837?
3, 29, 251
What are the prime factors of 2839?
17, 167
What are the prime factors of 553?
7, 79
List the prime factors of 31171.
7, 61, 73
List the prime factors of 5026.
2, 7, 359
List the prime factors of 39054.
2, 3, 23, 283
What are the prime factors of 64445?
5, 12889
What are the prime factors of 39875?
5, 11, 29
What are the prime factors of 6299?
6299
What are the prime factors of 9206?
2, 4603
What are the prime factors of 2142?
2, 3, 7, 17
What are the prime factors of 159779?
159779
List the prime factors of 13624.
2, 13, 131
List the prime factors of 13001.
13001
What are the prime factors of 1069?
1069
List the prime factors of 15392.
2, 13, 37
What are the prime factors of 905?
5, 181
What are the prime factors of 45634?
2, 22817
List the prime factors of 1489.
1489
List the prime factors of 5246.
2, 43, 61
What are the prime factors of 19186?
2, 53, 181
What are the prime factors of 6791?
6791
List the prime factors of 47080.
2, 5, 11, 107
List the prime factors of 548.
2, 137
List the prime factors of 849.
3, 283
List the prime factors of 53069.
53069
List the prime factors of 3859.
17, 227
List the prime factors of 9.
3
List the prime factors of 1049.
1049
What are the prime factors of 3446?
2, 1723
What are the prime factors of 8987?
11, 19, 43
What are the prime factors of 999?
3, 37
List the prime factors of 3252.
2, 3, 271
What are the prime factors of 6158?
2, 3079
What are the prime factors of 2515?
5, 503
What are the prime factors of 26601?
3, 8867
List the prime factors of 87550.
2, 5, 17, 103
What are the prime factors of 37590?
2, 3, 5, 7, 179
What are the prime factors of 2017?
2017
List the prime factors of 104243.
104243
List the prime factors of 55505.
5